{"id":433,"date":"2025-04-16T16:30:33","date_gmt":"2025-04-16T14:30:33","guid":{"rendered":"https:\/\/faunastika.com\/?page_id=433"},"modified":"2025-04-16T16:30:33","modified_gmt":"2025-04-16T14:30:33","slug":"zasady-ochrany-osobnych-udajov","status":"publish","type":"page","link":"https:\/\/faunastika.com\/index.php\/sk\/zasady-ochrany-osobnych-udajov\/","title":{"rendered":"Z\u00e1sady ochrany osobn\u00fdch \u00fadajov"},"content":{"rendered":" <h2 class=\"wp-block-heading\">Naposledy aktualizovan\u00e9: 16. apr\u00edla 2025<\/h2>   <p>Faunastika.com (\u201emy\u201c, \u201en\u00e1s\u201c alebo \u201ena\u0161e\u201c) sa zav\u00e4zuje chr\u00e1ni\u0165 va\u0161e s\u00fakromie. Tento dokument o ochrane osobn\u00fdch \u00fadajov vysvet\u013euje, ako zhroma\u017e\u010fujeme, pou\u017e\u00edvame a chr\u00e1nime va\u0161e osobn\u00e9 \u00fadaje, ke\u010f nav\u0161t\u00edvite na\u0161u webov\u00fa str\u00e1nku a prihl\u00e1site sa na odber n\u00e1\u0161ho newslettera.<\/p>   <ol class=\"wp-block-list\"> <li>Zhroma\u017e\u010fujeme iba osobn\u00e9 \u00fadaje, ktor\u00e9 n\u00e1m dobrovo\u013ene poskytnete pri prihl\u00e1sen\u00ed sa na odber n\u00e1\u0161ho newslettera. Toto zah\u0155\u0148a:<\/li> <\/ol>   <pre class=\"wp-block-code\"><code>Emailov\u00e1 adresa<\/code><\/pre>   <p>Nezhroma\u017e\u010fujeme inform\u00e1cie prostredn\u00edctvom koment\u00e1rov, ke\u010f\u017ee komentovanie je na na\u0161ej str\u00e1nke zak\u00e1zan\u00e9.<br><\/p>   <p>2. Va\u0161u emailov\u00fa adresu pou\u017e\u00edvame v\u00fdhradne na:<\/p>   <pre class=\"wp-block-code\"><code>Odosielanie n\u00e1\u0161ho newslettera a noviniek t\u00fdkaj\u00facich sa Faunastika.com<\/code><\/pre>   <p>Va\u0161e \u00fadaje nepou\u017e\u00edvame na \u017eiadne in\u00e9 \u00fa\u010dely.<br><\/p>   <p>3. Va\u0161e osobn\u00e9 \u00fadaje nepred\u00e1vame, nevymie\u0148ame ani inak neposkytujeme tret\u00edm stran\u00e1m. Va\u0161a emailov\u00e1 adresa je pou\u017eit\u00e1 iba na zasielanie n\u00e1\u0161ho newslettera a nie je zdie\u013ean\u00e1 s tret\u00edmi stranami, okrem pr\u00edpadov, ke\u010f je to potrebn\u00e9 na poskytovanie slu\u017eby newslettera (napr\u00edklad prostredn\u00edctvom n\u00e1\u0161ho poskytovate\u013ea emailov\u00fdch slu\u017eieb).<br><\/p>   <p>4. Prij\u00edmame primeran\u00e9 opatrenia na ochranu va\u0161ich osobn\u00fdch \u00fadajov pred neopr\u00e1vnen\u00fdm pr\u00edstupom, zmenou, zverejnen\u00edm alebo zni\u010den\u00edm.<br><\/p>   <p>5. Z odberu n\u00e1\u0161ho newslettera sa m\u00f4\u017eete kedyko\u013evek odhl\u00e1si\u0165 kliknut\u00edm na odkaz \u201eodhl\u00e1si\u0165 sa\u201c v ktoromko\u013evek z na\u0161ich emailov. Ak si \u017eel\u00e1te z\u00edska\u0165 pr\u00edstup k svojim osobn\u00fdm \u00fadajom, opravi\u0165 ich alebo vymaza\u0165, kontaktujte n\u00e1s na faunastika.com@gmail.com.<\/p>   <p><br>6. Na\u0161a webov\u00e1 str\u00e1nka m\u00f4\u017ee obsahova\u0165 odkazy na in\u00e9 webov\u00e9 str\u00e1nky. Nie sme zodpovedn\u00ed za z\u00e1sady ochrany osobn\u00fdch \u00fadajov ani obsah t\u00fdchto str\u00e1nok.<\/p>   <p><br>7. Tento dokument o ochrane osobn\u00fdch \u00fadajov m\u00f4\u017eeme z \u010dasu na \u010das aktualizova\u0165. V\u0161etky zmeny bud\u00fa zverejnen\u00e9 na tejto str\u00e1nke s aktualizovan\u00fdm d\u00e1tumom rev\u00edzie.<\/p>   <p><br>8. Ak m\u00e1te ak\u00e9ko\u013evek ot\u00e1zky t\u00fdkaj\u00face sa tohto dokumentu o ochrane osobn\u00fdch \u00fadajov, kontaktujte n\u00e1s na faunastika.com@gmail.com.<\/p> ","protected":false},"excerpt":{"rendered":"<p>Naposledy aktualizovan\u00e9: 16. apr\u00edla 2025 Faunastika.com (\u201emy\u201c, \u201en\u00e1s\u201c alebo \u201ena\u0161e\u201c) sa zav\u00e4zuje chr\u00e1ni\u0165 va\u0161e s\u00fakromie. Tento dokument o ochrane osobn\u00fdch \u00fadajov vysvet\u013euje, ako zhroma\u017e\u010fujeme, pou\u017e\u00edvame a chr\u00e1nime va\u0161e osobn\u00e9 \u00fadaje, ke\u010f nav\u0161t\u00edvite na\u0161u webov\u00fa str\u00e1nku a prihl\u00e1site sa na odber n\u00e1\u0161ho newslettera. Nezhroma\u017e\u010fujeme inform\u00e1cie prostredn\u00edctvom koment\u00e1rov, ke\u010f\u017ee komentovanie je na na\u0161ej str\u00e1nke zak\u00e1zan\u00e9. 2. Va\u0161u&#8230;<\/p>\n","protected":false},"author":1,"featured_media":0,"parent":0,"menu_order":0,"comment_status":"closed","ping_status":"open","template":"","meta":{"_kadence_starter_templates_imported_post":false,"_kad_post_transparent":"","_kad_post_title":"","_kad_post_layout":"","_kad_post_sidebar_id":"","_kad_post_content_style":"","_kad_post_vertical_padding":"","_kad_post_feature":"","_kad_post_feature_position":"","_kad_post_header":false,"_kad_post_footer":false,"_kad_post_classname":"","footnotes":""},"class_list":["post-433","page","type-page","status-publish","hentry"],"yoast_head":"<!-- This site is optimized with the Yoast SEO plugin v27.4 - https:\/\/yoast.com\/product\/yoast-seo-wordpress\/ -->\n<title>Z\u00e1sady ochrany osobn\u00fdch \u00fadajov - blog<\/title>\n<meta name=\"robots\" content=\"index, follow, max-snippet:-1, max-image-preview:large, max-video-preview:-1\" \/>\n<link rel=\"canonical\" href=\"https:\/\/faunastika.com\/index.php\/sk\/zasady-ochrany-osobnych-udajov\/\" \/>\n<meta property=\"og:locale\" content=\"en_GB\" \/>\n<meta property=\"og:type\" content=\"article\" \/>\n<meta property=\"og:title\" content=\"Z\u00e1sady ochrany osobn\u00fdch \u00fadajov - blog\" \/>\n<meta property=\"og:description\" content=\"Naposledy aktualizovan\u00e9: 16. apr\u00edla 2025 Faunastika.com (\u201emy\u201c, \u201en\u00e1s\u201c alebo \u201ena\u0161e\u201c) sa zav\u00e4zuje chr\u00e1ni\u0165 va\u0161e s\u00fakromie. Tento dokument o ochrane osobn\u00fdch \u00fadajov vysvet\u013euje, ako zhroma\u017e\u010fujeme, pou\u017e\u00edvame a chr\u00e1nime va\u0161e osobn\u00e9 \u00fadaje, ke\u010f nav\u0161t\u00edvite na\u0161u webov\u00fa str\u00e1nku a prihl\u00e1site sa na odber n\u00e1\u0161ho newslettera. Nezhroma\u017e\u010fujeme inform\u00e1cie prostredn\u00edctvom koment\u00e1rov, ke\u010f\u017ee komentovanie je na na\u0161ej str\u00e1nke zak\u00e1zan\u00e9. 2. Va\u0161u...\" \/>\n<meta property=\"og:url\" content=\"https:\/\/faunastika.com\/index.php\/sk\/zasady-ochrany-osobnych-udajov\/\" \/>\n<meta property=\"og:site_name\" content=\"blog\" \/>\n<script type=\"application\/ld+json\" class=\"yoast-schema-graph\">{\"@context\":\"https:\\\/\\\/schema.org\",\"@graph\":[{\"@type\":\"WebPage\",\"@id\":\"https:\\\/\\\/faunastika.com\\\/index.php\\\/sk\\\/zasady-ochrany-osobnych-udajov\\\/\",\"url\":\"https:\\\/\\\/faunastika.com\\\/index.php\\\/sk\\\/zasady-ochrany-osobnych-udajov\\\/\",\"name\":\"Z\u00e1sady ochrany osobn\u00fdch \u00fadajov - blog\",\"isPartOf\":{\"@id\":\"https:\\\/\\\/faunastika.com\\\/#website\"},\"datePublished\":\"2025-04-16T14:30:33+00:00\",\"breadcrumb\":{\"@id\":\"https:\\\/\\\/faunastika.com\\\/index.php\\\/sk\\\/zasady-ochrany-osobnych-udajov\\\/#breadcrumb\"},\"inLanguage\":\"en-GB\",\"potentialAction\":[{\"@type\":\"ReadAction\",\"target\":[\"https:\\\/\\\/faunastika.com\\\/index.php\\\/sk\\\/zasady-ochrany-osobnych-udajov\\\/\"]}]},{\"@type\":\"BreadcrumbList\",\"@id\":\"https:\\\/\\\/faunastika.com\\\/index.php\\\/sk\\\/zasady-ochrany-osobnych-udajov\\\/#breadcrumb\",\"itemListElement\":[{\"@type\":\"ListItem\",\"position\":1,\"name\":\"Home\",\"item\":\"https:\\\/\\\/faunastika.com\\\/\"},{\"@type\":\"ListItem\",\"position\":2,\"name\":\"Z\u00e1sady ochrany osobn\u00fdch \u00fadajov\"}]},{\"@type\":\"WebSite\",\"@id\":\"https:\\\/\\\/faunastika.com\\\/#website\",\"url\":\"https:\\\/\\\/faunastika.com\\\/\",\"name\":\"Faunastika blog\",\"description\":\"Blog about animal welfare and my life\",\"publisher\":{\"@id\":\"https:\\\/\\\/faunastika.com\\\/#organization\"},\"potentialAction\":[{\"@type\":\"SearchAction\",\"target\":{\"@type\":\"EntryPoint\",\"urlTemplate\":\"https:\\\/\\\/faunastika.com\\\/?s={search_term_string}\"},\"query-input\":{\"@type\":\"PropertyValueSpecification\",\"valueRequired\":true,\"valueName\":\"search_term_string\"}}],\"inLanguage\":\"en-GB\"},{\"@type\":\"Organization\",\"@id\":\"https:\\\/\\\/faunastika.com\\\/#organization\",\"name\":\"Faunastika blog\",\"url\":\"https:\\\/\\\/faunastika.com\\\/\",\"logo\":{\"@type\":\"ImageObject\",\"inLanguage\":\"en-GB\",\"@id\":\"https:\\\/\\\/faunastika.com\\\/#\\\/schema\\\/logo\\\/image\\\/\",\"url\":\"https:\\\/\\\/faunastika.com\\\/wp-content\\\/uploads\\\/2024\\\/03\\\/cropped-5.png\",\"contentUrl\":\"https:\\\/\\\/faunastika.com\\\/wp-content\\\/uploads\\\/2024\\\/03\\\/cropped-5.png\",\"width\":499,\"height\":200,\"caption\":\"Faunastika blog\"},\"image\":{\"@id\":\"https:\\\/\\\/faunastika.com\\\/#\\\/schema\\\/logo\\\/image\\\/\"},\"sameAs\":[\"https:\\\/\\\/www.youtube.com\\\/@Faunastika\"]}]}<\/script>\n<!-- \/ Yoast SEO plugin. -->","yoast_head_json":{"title":"Z\u00e1sady ochrany osobn\u00fdch \u00fadajov - blog","robots":{"index":"index","follow":"follow","max-snippet":"max-snippet:-1","max-image-preview":"max-image-preview:large","max-video-preview":"max-video-preview:-1"},"canonical":"https:\/\/faunastika.com\/index.php\/sk\/zasady-ochrany-osobnych-udajov\/","og_locale":"en_GB","og_type":"article","og_title":"Z\u00e1sady ochrany osobn\u00fdch \u00fadajov - blog","og_description":"Naposledy aktualizovan\u00e9: 16. apr\u00edla 2025 Faunastika.com (\u201emy\u201c, \u201en\u00e1s\u201c alebo \u201ena\u0161e\u201c) sa zav\u00e4zuje chr\u00e1ni\u0165 va\u0161e s\u00fakromie. Tento dokument o ochrane osobn\u00fdch \u00fadajov vysvet\u013euje, ako zhroma\u017e\u010fujeme, pou\u017e\u00edvame a chr\u00e1nime va\u0161e osobn\u00e9 \u00fadaje, ke\u010f nav\u0161t\u00edvite na\u0161u webov\u00fa str\u00e1nku a prihl\u00e1site sa na odber n\u00e1\u0161ho newslettera. Nezhroma\u017e\u010fujeme inform\u00e1cie prostredn\u00edctvom koment\u00e1rov, ke\u010f\u017ee komentovanie je na na\u0161ej str\u00e1nke zak\u00e1zan\u00e9. 2. Va\u0161u...","og_url":"https:\/\/faunastika.com\/index.php\/sk\/zasady-ochrany-osobnych-udajov\/","og_site_name":"blog","schema":{"@context":"https:\/\/schema.org","@graph":[{"@type":"WebPage","@id":"https:\/\/faunastika.com\/index.php\/sk\/zasady-ochrany-osobnych-udajov\/","url":"https:\/\/faunastika.com\/index.php\/sk\/zasady-ochrany-osobnych-udajov\/","name":"Z\u00e1sady ochrany osobn\u00fdch \u00fadajov - blog","isPartOf":{"@id":"https:\/\/faunastika.com\/#website"},"datePublished":"2025-04-16T14:30:33+00:00","breadcrumb":{"@id":"https:\/\/faunastika.com\/index.php\/sk\/zasady-ochrany-osobnych-udajov\/#breadcrumb"},"inLanguage":"en-GB","potentialAction":[{"@type":"ReadAction","target":["https:\/\/faunastika.com\/index.php\/sk\/zasady-ochrany-osobnych-udajov\/"]}]},{"@type":"BreadcrumbList","@id":"https:\/\/faunastika.com\/index.php\/sk\/zasady-ochrany-osobnych-udajov\/#breadcrumb","itemListElement":[{"@type":"ListItem","position":1,"name":"Home","item":"https:\/\/faunastika.com\/"},{"@type":"ListItem","position":2,"name":"Z\u00e1sady ochrany osobn\u00fdch \u00fadajov"}]},{"@type":"WebSite","@id":"https:\/\/faunastika.com\/#website","url":"https:\/\/faunastika.com\/","name":"Faunastika blog","description":"Blog about animal welfare and my life","publisher":{"@id":"https:\/\/faunastika.com\/#organization"},"potentialAction":[{"@type":"SearchAction","target":{"@type":"EntryPoint","urlTemplate":"https:\/\/faunastika.com\/?s={search_term_string}"},"query-input":{"@type":"PropertyValueSpecification","valueRequired":true,"valueName":"search_term_string"}}],"inLanguage":"en-GB"},{"@type":"Organization","@id":"https:\/\/faunastika.com\/#organization","name":"Faunastika blog","url":"https:\/\/faunastika.com\/","logo":{"@type":"ImageObject","inLanguage":"en-GB","@id":"https:\/\/faunastika.com\/#\/schema\/logo\/image\/","url":"https:\/\/faunastika.com\/wp-content\/uploads\/2024\/03\/cropped-5.png","contentUrl":"https:\/\/faunastika.com\/wp-content\/uploads\/2024\/03\/cropped-5.png","width":499,"height":200,"caption":"Faunastika blog"},"image":{"@id":"https:\/\/faunastika.com\/#\/schema\/logo\/image\/"},"sameAs":["https:\/\/www.youtube.com\/@Faunastika"]}]}},"_links":{"self":[{"href":"https:\/\/faunastika.com\/index.php\/wp-json\/wp\/v2\/pages\/433","targetHints":{"allow":["GET"]}}],"collection":[{"href":"https:\/\/faunastika.com\/index.php\/wp-json\/wp\/v2\/pages"}],"about":[{"href":"https:\/\/faunastika.com\/index.php\/wp-json\/wp\/v2\/types\/page"}],"author":[{"embeddable":true,"href":"https:\/\/faunastika.com\/index.php\/wp-json\/wp\/v2\/users\/1"}],"replies":[{"embeddable":true,"href":"https:\/\/faunastika.com\/index.php\/wp-json\/wp\/v2\/comments?post=433"}],"version-history":[{"count":1,"href":"https:\/\/faunastika.com\/index.php\/wp-json\/wp\/v2\/pages\/433\/revisions"}],"predecessor-version":[{"id":434,"href":"https:\/\/faunastika.com\/index.php\/wp-json\/wp\/v2\/pages\/433\/revisions\/434"}],"wp:attachment":[{"href":"https:\/\/faunastika.com\/index.php\/wp-json\/wp\/v2\/media?parent=433"}],"curies":[{"name":"wp","href":"https:\/\/api.w.org\/{rel}","templated":true}]}}